k) - r(k). What is m(14)?
-6
Let x(n) = 37 + 2*n - n - 62 + 26. What is x(-17)?
-16
Let c(t) = t**2 - 11 + 4*t + 2*t + 3*t - 3*t. Let o = -11 - -9. Let b be 1/1 - (14 + -3 + o). Calculate c(b).
5
Let p = -27 + 32. Suppose p*x = 30*x - 175. Let a(d) = d - 1. Let k(r) = -r**2 + 14*r - 8. Let l(z) = -6*a(z) + k(z). Give l(x).
5
Let c(w) = 29*w**3 - 14. Let s(g) = -10*g**3 + 5. Let a be 30/8 + 10/40. Let i(x) = a*c(x) + 11*s(x). Give i(1).
5
Let m(k) = -13*k - 73. Let h(y) = -27*y - 132. Let c(x) = 8*h(x) - 15*m(x). Give c(3).
-24
Let q(u) = 3*u**2 + 3*u + 2. Let a be (-20 - -8)*2*1. Suppose 13*l = 12*l - 22. Let k = a - l. Determine q(k).
8
Let y(f) = -f**3 + 12*f**2 - f + 8. Let m(z) = 80*z - 24. Let x be m(1). Suppose 5*r + d - x = -d, r - 16 = 2*d. Calculate y(r).
-4
Let f(s) be the third derivative of s**6/120 - 7*s**5/60 + 2*s**4/3 - 19*s**3 - 13*s**2 + 122*s. Give f(7).
-2
Let v = -62 + 70. Let g(x) = 3*x**2 - 6*x - 9. Let k(h) = -13*h**2 + 23*h + 36. Let p(a) = -9*g(a) - 2*k(a). What is p(v)?
9
Let j(k) = -k**3 + 5*k**2 + 8*k - 7. Let m(r) = -10*r + 108. Let s be m(10). Suppose 4*d - 16 = s. Calculate j(d).
5
Let f(j) = j - 4. Let w(o) = -44*o + 44. Let h be w(6). Let x = 225 + h. Calculate f(x).
1
Suppose -21*i = -5*a - 19*i + 57, 0 = -4*a - 4*i + 12. Let t(n) be the first derivative of n**4/4 - 3*n**3 + n**2/2 - n - 11. What is t(a)?
8
Let c(h) = h**3 + 3*h**2 - 11*h - 53. Let g(y) = -2*y**3 - 7*y**2 + 23*y + 106. Let d(i) = 7*c(i) + 4*g(i). Give d(-8).
-3
Let r(v) = 84*v**3 - v - 1. Let h(b) = 384*b + 1151. Let t be h(-3). Determine r(t).
-84
Let j(n) = 101*n - 162*n + 13 + 64*n. Calculate j(14).
55
Let w(j) = -j**2 + j - 1. Let g(r) = -2*r**2 - 3*r - 2. Let k(y) = g(y) - 3*w(y). Suppose -9*p + 6*p + 9 = 0. Calculate k(p).
-8
Let u(y) = y**3 - 12*y**2 - 14*y + 7. Let v(t) = -3*t**3 + 52*t**2 + 36*t + 13. Suppose -5*q = 2*k - 46, 2*k + 5*q = 5*k - 44. Let c be v(k). Calculate u(c).
-6
Let i(o) = -3*o**3 - 9*o + 4. Let y(s) = -2*s**3 - s**2 - 8*s + 5. Let a(v) = -4*i(v) + 5*y(v). Determine a(5).
114
Let k(f) = -3*f**2 - 14*f + 2. Let l be -2*((-108)/6 + 21). Calculate k(l).
-22
Suppose 27*c - 1843 = 830. Let l be 3448/36 - (-2)/9. Let i = l - c. Let r(u) = -u - 3. Give r(i).
0
Let n = -33 + 8. Let p be (1*(2 + -2))/(27 + n). Let i(f) = f**2 + f + 2. Calculate i(p).
2
Suppose -51*f - 411 = -105. Let c(l) = -l**2 - 4*l + 7. Let y(p) = p**2 + 5*p - 7. Let g(i) = -3*c(i) - 2*y(i). What is g(f)?
17
Let a = -50 + 125. Let p = a - 65. Suppose 14*l = -66 + p. Let u(n) = -2*n - 4. What is u(l)?
4
Let q(k) = k**3 - 7*k**2 - 10*k - 4. Let h be (-15)/(-6) - 1 - (3 - (-38)/(-4)). Determine q(h).
-20
Let j(u) be the first derivative of u**4/4 + 3*u**3 - 3*u**2 - 22*u + 2502. What is j(-9)?
32
Let v(q) = q**2 + 3*q. Suppose 4 = 2*z + 6. Let u(c) = -c**2 - 7*c + 13. Let k(a) = z*u(a) - 2*v(a). Determine k(0).
-13
Suppose 2*f + 5 = -3*c, 6*f - 4*c + 16 = 3*f. Let s(m) = -12*m - 333. Let a be s(-27). Let k = f - a. Let q(z) = -z**2 + 5*z + 3. Calculate q(k).
3
Let x(q) = -q**2 + 97*q - 96. Let j be x(1). Let l(w) be the third derivative of -1/24*w**4 + 0 + j*w - w**3 - 11*w**2. Determine l(-7).
1
Let c(r) be the third derivative of 3*r**4/8 + 13*r**3/6 + 4307*r**2. Give c(3).
40
Let v(n) be the first derivative of -n**3/3 - 19*n**2/2 - 48*n + 52. Let q(x) be the first derivative of v(x). Calculate q(-13).
7
Suppose 0 = -4*q - 5*u + 4, 0*q - 1 = -q + u. Let z(i) = i + 2. Let l(j) = -15*j - 36. Let a(s) = q*l(s) + 18*z(s). Determine a(1).
3
Let b(k) = k + 2. Suppose -5*t + 331 - 26 = 0. Let h = t - 56. Suppose -3*w - l = 26, -3*w - 2*w - 10 = -h*l. Determine b(w).
-5
Let b(v) = -3*v**2 + 9*v + 3. Let k(o) = o**2 + o - 1. Let a(s) = b(s) + 2*k(s). Let y(t) = -3096*t - 12377. Let f be y(-4). Calculate a(f).
29
Suppose 52*r = 57*r + j - 10, 2*r + j = 1. Let z(n) = n**3 + 2*n + r*n + 11*n + 12*n**2 - 14 - 6*n. Give z(-11).
-3
Let r(d) = d**3 + 11*d**2 + 14*d - 29. Let o be r(-9). Let q(a) = -11*a - 37 + 43 + o*a**2 - 6*a**2. Determine q(6).
-24
Let i(a) = 29*a**2 + a + 3. Let g = 3618 - 3619. Determine i(g).
31
Let u be ((-3)/6)/((-5)/(-20)). Let q(y) be the third derivative of 0*y**3 + 5/12*y**4 + 15*y**2 + 0 + 0*y. Determine q(u).
-20
Let b(r) = r**3 - 28*r**2 - 61*r - 8. Let n be 402/14 - 2268/(-1764). Give b(n).
-38
Let f(c) = -2634 - c + 2*c + 5254 - 2572. Calculate f(0).
48
Suppose -4*u + 3*g + 2*g + 306 = 0, -5*g = -u + 69. Let w(v) = -u*v + 77*v + 2 + 2 - 3. Determine w(-1).
3
Suppose -4*c - 5*f = -1044, -1014 = -3*c - 3*f - 231. Let p(q) = q + 129 - c + 134. Give p(6).
8
Suppose -50*n + 112*n + 496 = 0. Let i(y) = -y**3 - 8*y**2 + 3*y + 8. Give i(n).
-16
Let y = -55 - -54. Let r(i) = -i + 2. Let d(w) = -w**2 - 4*w - 20. Let n(a) = y*d(a) - 6*r(a). Determine n(-10).
8
Let s(y) = 19*y - 6*y - 22*y + 7 + 2 + 4. Determine s(7).
-50
Suppose 0 = 2*p - 13 + 3. Let o(k) = 2*k + 3. Let u(w) = w + 3. Let s(i) = 5*o(i) - 6*u(i). Give s(p).
17
Let x(n) = 2280*n - 9094. Let y be x(4). Let b(w) = w**2 - 17*w - 217. Give b(y).
17
Let b be 3 + -3 + -1 + 25 + 0. Let v(h) = 7*h - 167. Let m be v(b). Let a(l) = -16*l**2 + 1. Calculate a(m).
-15
Let d(n) be the first derivative of n**2 + 2*n + 12. Let k be d(0). Let b(t) = 2*t**3 + 41*t - 37*t + 2*t**3 + 5*t**k - 3*t**3. What is b(-4)?
0
Let l(f) be the first derivative of -2*f**2 - 24*f + 15. Let d be l(-6). Let o(r) = 2 + 2 - 8*r**2 + 4*r + d*r - 6. Give o(2).
-26
Suppose -5*y = 2*y. Suppose 6*d - 11*d + 10 = y. Let l(b) = -2 - 2*b + 10 + d*b - b. Give l(4).
4
Suppose 2*t - 5*t = t. Suppose t = 17*c - 55 - 64. Let g(x) = -16*x**2 - 2*x + 38*x**2 - 16*x**2 - x**3 - c. Calculate g(5).
8
Let v(d) be the second derivative of -d**4/12 + 13*d**3/6 - 35*d**2/2 + 35*d - 4. What is v(7)?
7
Suppose 3*b + 4 - 1 = 0. Let f(l) = 5*l + 8. Suppose 27*h = 17*h - 60. Let o(i) = 5*i + 7. Let p(r) = h*f(r) + 7*o(r). Determine p(b).
-4
Let k(h) be the third derivative of 0*h - 4/3*h**3 + 1/8*h**4 + 0 + 2*h**2. Let q(c) = c**3 - 19*c**2 + 89*c + 16. Let j be q(10). What is k(j)?
10
Let n(k) = 45*k - 92. Suppose l - 4*o + 2 = 0, -58 = 5*l - 2*o - 66. What is n(l)?
-2
Let b(o) = -8*o - 1. Suppose -4*t = -8, 5*n - 2*t + 477 = 13. Let q = n - -96. Let l be (q/6 + -1)/(2/12). What is b(l)?
15
Let u(q) = 4771 - 2*q**2 + 29*q + 16*q - 4764. What is u(23)?
-16
Let u(k) be the third derivative of k**5/120 + k**4/24 + 2*k**3 - 27*k**2. Let i(j) be the first derivative of u(j). Let c be 1*-2 - (-7)/(-7). Give i(c).
-2
Let b be 150 - 164 - 10/(-2). Let x(z) = z**3 + 8*z**2 - 9*z - 3. Give x(b).
-3
Suppose 2*n = 4*p + p + 123, -p + 294 = 5*n. Suppose y = 4*b - 4*y - 125, -2*b = y - n. Suppose -54 = -6*q - b. Let z(g) = g - 5. Determine z(q).
-1
Let s = -1974 - -1965. Let x(i) = 9*i + 25. Determine x(s).
-56
Let o(s) be the second derivative of s**3/6 + s**2/2 + 1983*s. Let c(h) = h**2 - 7*h + 7. Let t be c(5). Let g(k) = k + 2. Let l be g(t). Calculate o(l).
0
Suppose m = 2*m. Let d(n) = -101*n**3 + 43*n**2 + 18*n - 122. Let o(h) = -432*h**3 + 184*h**2 + 77*h - 523. Let j(w) = 77*d(w) - 18*o(w). Calculate j(m).
20
Suppose 3*i + 4*q - 65 - 31 = 0, 0 = -4*i - q + 115. Suppose -9*v - i = -11*v. Suppose u + 3*n = -7, 4*u - n = 2*u + v. Let o(f) = -f**2 + 5*f + 2. Give o(u).
2
Suppose 50843 = 4*j - 20161. Let u(b) = -17743 + 4*b**2 - 7*b + b + j - 6*b + b**3. Determine u(-6).
8
Let t be ((-6)/36)/((-1)/9)*(-132)/99. Let g(s) = -53*s - 15. Give g(t).
91
Let s(p) = p - 1. Let c(r) = 3*r - 25. Let u(d) = d - 13. Let b(q) = 3*c(q) - 5*u(q). Let j(n) = b(n) - 3*s(n). Determine j(0).
-7
Let h(z) = 8*z - 60. Let k be h(7). Let s(v) = -18*v - 67. Let u be s(k). Let a(p) = -p**3 + 4*p**2 + 5*p. What is a(u)?
0
Let y be 6/4*(-2 - 10/(-15)). Suppose -9 = -6*i + 3*i. Let t(z) = i + 0 + z - 3 + 2. What is t(y)?
0
Suppose -5*q + 0*k - 295 = 5*k, -232 = 4*q + 5*k. Let a = q - -65. Let m(s) = -1 + a*s + 0*s + s**2 + 3*s - s. Calculate m(-3).
-4
Let c(h) = -h**2 - 2*h + 54. Let r(l) = l**2 + l - 49. Let q(d) = 5*c(d) + 6*r(d). Determine q(7).
-3
Let z(y) = y - 291392*y**2 + 291399*y**2 + 14 - y**3 - 6*y. Determine z(7).
-21
Let x(n) = -n**3 + 8*n**2 - 7*n - 6. Let h = 174 + -172. Suppose -f + 5 = h*z, -3*f + 21 + 1 = -z. What is x(f)?
-6
Let y(t) = 2*t**2 + 18*t - 67. Le